{"id":327,"date":"2021-08-05T18:26:24","date_gmt":"2021-08-05T23:26:24","guid":{"rendered":"https:\/\/tls.pe\/?post_type=product&#038;p=327"},"modified":"2021-08-05T20:38:50","modified_gmt":"2021-08-06T01:38:50","slug":"prueba-3","status":"publish","type":"product","link":"https:\/\/tls.pe\/index.php\/product\/prueba-3\/","title":{"rendered":"Baton Expandible"},"content":{"rendered":"<pre id=\"tw-target-text\" class=\"tw-data-text tw-text-large XcVN5d tw-ta\" dir=\"ltr\" data-placeholder=\"Traducci\u00f3n\"><span class=\"Y2IQFc\" lang=\"es\">FAB Defense ha estado fabricando equipos de defensa de vanguardia desde que se fund\u00f3 la empresa en Israel. \r\nCon una l\u00ednea completa de soluciones para profesionales de la seguridad, FAB ahora ha comenzado a expandirse al campo de la autodefensa. \r\nUna de las primeras ofertas de esta nueva l\u00ednea de productos es el Hybrid Expanable Baton, conocido como HXB Baton.\r\n\r\nEl HXB de FAB Defense es un baton como ning\u00fan otro y merece ser considerado como la primera opci\u00f3n para cualquiera \r\nen el mercado. Con el HXB tiene un baton de peso extremadamente ligero por el uso de pol\u00edmeros en las dos primeras de las tres secciones. \r\nLa secci\u00f3n final del baton est\u00e1 hecha de acero con el mismo material compuesto aplicado sobre el inserto de acero para proporcionar una \r\nresistencia superior a la corrosi\u00f3n y reducir la fricci\u00f3n al desplegar el baton. Al final del mango se encuentra una de las caracter\u00edsticas \r\nm\u00e1s importantes del HXB, una punta de carabina de tungsteno que est\u00e1 afilada para brindarle una herramienta f\u00e1cil para romper una ventana de vidrio.\r\n\r\nCaracter\u00edsticas:\r\nDise\u00f1ado y fabricado en Israel\r\nConstrucci\u00f3n h\u00edbrida de acero y pol\u00edmero\r\nEl mango est\u00e1 sobre moldeado con goma antideslizante.\r\nIncluye funda de nylon bal\u00edstico<\/span><\/pre>\n","protected":false},"excerpt":{"rendered":"<pre id=\"tw-target-text\" class=\"tw-data-text tw-text-large XcVN5d tw-ta\" dir=\"ltr\" data-placeholder=\"Traducci\u00f3n\"><span class=\"Y2IQFc\" lang=\"es\">El baton h\u00edbrido expansible de FAB Defense es un baton telesc\u00f3pico de pol\u00edmero y acero de 21 pulgadas que est\u00e1 dise\u00f1ado y construido en Israel. \r\nCon una longitud expandida de 21 pulgadas, el baton expandible h\u00edbrido tiene la longitud ideal para los profesionales de la seguridad. \r\nConstruido a partir de pol\u00edmeros, la \u00faltima secci\u00f3n del baton tiene un inserto de acero pero encontrar\u00e1 que el HXB es el baton telesc\u00f3pico m\u00e1s \r\nligero, resistente y duradero del mundo.<\/span><\/pre>\n","protected":false},"featured_media":329,"comment_status":"open","ping_status":"closed","template":"","meta":[],"product_cat":[23],"product_tag":[],"class_list":["post-327","product","type-product","status-publish","has-post-thumbnail","hentry","product_cat-defensa-personal"],"_links":{"self":[{"href":"https:\/\/tls.pe\/index.php\/wp-json\/wp\/v2\/product\/327","targetHints":{"allow":["GET"]}}],"collection":[{"href":"https:\/\/tls.pe\/index.php\/wp-json\/wp\/v2\/product"}],"about":[{"href":"https:\/\/tls.pe\/index.php\/wp-json\/wp\/v2\/types\/product"}],"replies":[{"embeddable":true,"href":"https:\/\/tls.pe\/index.php\/wp-json\/wp\/v2\/comments?post=327"}],"wp:featuredmedia":[{"embeddable":true,"href":"https:\/\/tls.pe\/index.php\/wp-json\/wp\/v2\/media\/329"}],"wp:attachment":[{"href":"https:\/\/tls.pe\/index.php\/wp-json\/wp\/v2\/media?parent=327"}],"wp:term":[{"taxonomy":"product_cat","embeddable":true,"href":"https:\/\/tls.pe\/index.php\/wp-json\/wp\/v2\/product_cat?post=327"},{"taxonomy":"product_tag","embeddable":true,"href":"https:\/\/tls.pe\/index.php\/wp-json\/wp\/v2\/product_tag?post=327"}],"curies":[{"name":"wp","href":"https:\/\/api.w.org\/{rel}","templated":true}]}}