{"id":351,"date":"2021-09-07T20:29:03","date_gmt":"2021-09-08T01:29:03","guid":{"rendered":"https:\/\/tls.pe\/?post_type=product&#038;p=351"},"modified":"2021-09-07T20:39:23","modified_gmt":"2021-09-08T01:39:23","slug":"cacerina-de-entrenamiento-replica","status":"publish","type":"product","link":"https:\/\/tls.pe\/index.php\/product\/cacerina-de-entrenamiento-replica\/","title":{"rendered":"Cacerina de Entrenamiento - Replica"},"content":{"rendered":"<p id=\"tw-target-text\" class=\"tw-data-text tw-text-large XcVN5d tw-ta\" dir=\"ltr\" data-placeholder=\"Traducci\u00f3n\"><span class=\"Y2IQFc\" lang=\"es\">Las cacerinas de entrenamiento Blueguns son la l\u00ednea m\u00e1s detallada y precisa de 'simuladores de armas de fuego' disponibles para el entrenamiento de armas. Esta es una r\u00e9plica detallada inerte de una GLOCK 19 para entrenamiento t\u00e1ctico y militar con armas. El cargador Bluegun's est\u00e1 hecho con un poliuretano fuerte y resistente a los impactos con refuerzo de acero para evitar que se doble mientras se mantiene el detalle, el manejo y el equilibrio de una GLOCK 19. Cada cargador de arma de entrenamiento se fabrica en \"Law Enforcement Blue\": el color de seguridad m\u00e1s reconocido del mundo.<\/span><\/p>\n","protected":false},"excerpt":{"rendered":"<p><span class=\"Y2IQFc\" lang=\"es\">R\u00e9plica de entrenamiento de una cacerina GLOCK 19. <\/span><\/p>\n<p><span class=\"Y2IQFc\" lang=\"es\">Poliuretano resistente a impactos con refuerzo de acero. <\/span><\/p>\n<p><span class=\"Y2IQFc\" lang=\"es\">Detalle, manejo y equilibrio precisos de un GLOCK 19. <\/span><\/p>\n<p><span class=\"Y2IQFc\" lang=\"es\">Fabricado en los Estados Unidos<\/span><\/p>\n","protected":false},"featured_media":352,"comment_status":"open","ping_status":"closed","template":"","meta":[],"product_cat":[23],"product_tag":[],"class_list":["post-351","product","type-product","status-publish","has-post-thumbnail","hentry","product_cat-defensa-personal"],"_links":{"self":[{"href":"https:\/\/tls.pe\/index.php\/wp-json\/wp\/v2\/product\/351","targetHints":{"allow":["GET"]}}],"collection":[{"href":"https:\/\/tls.pe\/index.php\/wp-json\/wp\/v2\/product"}],"about":[{"href":"https:\/\/tls.pe\/index.php\/wp-json\/wp\/v2\/types\/product"}],"replies":[{"embeddable":true,"href":"https:\/\/tls.pe\/index.php\/wp-json\/wp\/v2\/comments?post=351"}],"wp:featuredmedia":[{"embeddable":true,"href":"https:\/\/tls.pe\/index.php\/wp-json\/wp\/v2\/media\/352"}],"wp:attachment":[{"href":"https:\/\/tls.pe\/index.php\/wp-json\/wp\/v2\/media?parent=351"}],"wp:term":[{"taxonomy":"product_cat","embeddable":true,"href":"https:\/\/tls.pe\/index.php\/wp-json\/wp\/v2\/product_cat?post=351"},{"taxonomy":"product_tag","embeddable":true,"href":"https:\/\/tls.pe\/index.php\/wp-json\/wp\/v2\/product_tag?post=351"}],"curies":[{"name":"wp","href":"https:\/\/api.w.org\/{rel}","templated":true}]}}